 Let b(i) = 2*i + 37. Let y(s) = -5*b(s) - 8*p(s). Let g be y(11). Let c(o) = -o + 6. Calculate c(g).
13
Let n = 505 + -505. Suppose -a - 55 = 5*c, 11 = -c + 3*a - n. Let g(l) = l**2 + 10*l - 6. Calculate g(c).
5
Let i be 11/(6/(-4)*(-26)/39). Suppose -15*a + i*a = 4. Let u(y) = -41*y. What is u(a)?
41
Let d(u) be the third derivative of -26*u**2 + 1/120*u**6 - 1/2*u**3 + 0*u - 1/10*u**5 + 0 + 1/12*u**4. Give d(5).
-18
Let z(i) = 2*i**3 - 3*i**3 - 2*i**2 + 2 + 2*i**3 + 4771*i - 4777*i. Give z(4).
10
Suppose -5060 = -1338*w + 1591*w. Let v(q) = 4*q + 33. Give v(w).
-47
Let i(u) be the second derivative of 214*u + 0 + 2/3*u**3 - 5/2*u**2. Calculate i(-2).
-13
Let y be (7 - 2)/1 + -3. Let b be y + (20/(-5))/(-1). Let i(p) = p**3 + b*p**2 + p + p**2 - 6*p - 3 - 3*p**2. Give i(-5).
-3
Let p(t) be the third derivative of t**5/12 + 5*t**4/6 + 2*t**3 + 3320*t**2. Determine p(-4).
12
Let b be ((-1)/(-7))/(28/196). Let i(d) = 12*d + 7. Let z(h) = 14*h + 8. Let s(o) = -6*i(o) + 5*z(o). What is s(b)?
-4
Let o(m) = m**3 + 5*m**2 - m - 3. Suppose 4*z - w + 130 = -0*z, 2*z - 3*w = -60. Let k = 36 + z. Suppose 15 = -k*v - 0*v. Give o(v).
2
Let l(d) = -2*d**3 + 29*d**2 - d + 1. Let x(b) = 7*b**3 - 143*b**2 + 5*b - 2. Let t(j) = -5*l(j) - x(j). Calculate t(2).
13
Let t be (1054/(-16))/(-17) + (-2)/(-16). Let d(p) = -p + 23. Determine d(t).
19
Let j(b) = b**2 + 5*b + 5. Let w be j(-2). Let q(p) be the third derivative of p**4/6 - p**3/6 - 976*p**2 - 2. What is q(w)?
-5
Let l(u) = -u**2 - 16*u - 26. Let b = -2520 - -2501. Give l(b).
-83
Let u be (3/(-6))/(2/100*-1). Let w(x) = -10 - 5 - 2*x - 13 + u. Let h = -9 + 6. Calculate w(h).
3
Suppose 8 = 4*w, w + 4*w + 205 = 5*q. Let p = -44 + q. Let u(j) = j**2 - j - 1. Let k(f) = -4*f**2 + 12*f + 4. Let x(h) = p*k(h) - 3*u(h). Calculate x(5).
-21
Let f(s) = -s**3 + s**2 + 142*s - 11. Let t be f(0). Let a(i) = -i**2 - 16*i - 53. Calculate a(t).
2
Let y(x) be the second derivative of -x**4/24 + 47*x**3/6 + 69*x**2/2 + x + 11. Let n(v) be the first derivative of y(v). Give n(0).
47
Let j(c) be the second derivative of c**4/3 + c**3/3 - c**2/2 - 40*c - 3. Calculate j(-2).
11
Let d(w) = -5*w - 4. Let i be d(0). Let y(q) = q**3 + 21*q**2 + 23*q + 15. Let c(l) = l**3 + 19*l**2 + 21*l + 15. Let k(x) = i*c(x) + 3*y(x). What is k(-12)?
21
Let g(z) = z**3 - 13*z**2 - 30*z - 3. Let m be -382*(-3 + 45/10) - -4. Let o = m - -584. Calculate g(o).
-3
Let j(q) = 2*q + 486. Let y(t) = -6*t - 1219. Let h(z) = -5*j(z) - 2*y(z). Let i be (1/2)/((-2)/28). Give h(i).
-6
Suppose 0 = 134*p - 131*p - 12. Suppose -2*j + 2 = -2*i, -3 = -p*j + i + 7. Suppose 6 = 2*a - 0*s + 2*s, s = -3*a + j. Let x(u) = -u**2 + u - 8. What is x(a)?
-8
Let m(t) = 88*t + 439. Let z be m(-5). Let d(p) = 6*p - 1. Let c be 2/(2/(-2)) + 3. Let h(w) = -w. Let r(k) = c*d(k) + 5*h(k). What is r(z)?
-2
Let i be (-9 + 11 - 5) + 4. Let k be (-2)/9 + 47/9. Suppose -k*j + 4*j = i. Let g(w) = -2*w**3 + w**2 + w + 1. Determine g(j).
3
Let q(f) = f**3 + 4*f**2 + 5*f + 3. Let b(m) = m**2 + 14*m + 7*m - 21 + 2*m - 2*m**2 - 103. Let n be b(15). What is q(n)?
-17
Let l = 18 + -59. Let h be (-16)/128 + 530/16. Let t = l + h. Let k(r) = -r**3 - 7*r**2 + 6*r - 10. What is k(t)?
6
Let k(j) = 2*j**2 + 3*j - 4. Suppose 3*g + 1 = 1. Suppose 0 = 8*w - g*w + 24. Calculate k(w).
5
Let j(d) = d + 60. Suppose -3*z = 3*k + 6, 22*k - 26*k = 3*z + 8. What is j(z)?
60
Let c(u) = -u**3 - 8*u**2 - 14*u - 4. Let g = -6448 + 6445. Determine c(g).
-7
Let l(j) = -21*j - 4. Suppose 78*a = 263 + 127. Calculate l(a).
-109
Suppose -15*s = -32 - 88. Suppose -d - y - 1 = 0, -s*d = -6*d + 5*y - 7. Let b(g) = g**3 + 2*g**2 - 4*g + 3. Calculate b(d).
-13
Let d(n) = -n + 8. Let b be d(5). Let y(t) = -b*t**3 + 4 - 9*t**2 - 4 + t + 4*t**3 - 6. Suppose -5*p + 39 = -9*s + 10*s, -p - 21 = 5*s. Determine y(p).
3
Let d(z) = -z**2 + 225 - 53 - 58 - 63 - 4*z - 59. Let t = 71 - 77. Determine d(t).
-20
Let w(h) be the third derivative of 0*h + 1/60*h**5 - 7/24*h**4 - 11/6*h**3 + 0 - 11*h**2. Determine w(8).
-3
Let o(b) = b**2 + 45*b + 293. Let y be o(-37). Let c(d) = -28 - 18 + 2*d**2 + 3*d + 48. Determine c(y).
11
Let w(o) = -o + 12. Let l = 561 + -561. Suppose -29*t + 34*t - 80 = l. Determine w(t).
-4
Let z(u) = u**2 + 24*u - 182. Suppose -5*j + 5*p = 170, -3*j + 25*p = 30*p + 70. What is z(j)?
-2
Let s(p) be the third derivative of p**5/60 + p**4/6 - 2*p**3/3 + 2*p**2. Suppose -25 = -5*m + 2*q - 13, -2*m = 5*q - 28. Calculate s(m).
28
Let x(t) be the third derivative of -5/6*t**3 + 1/12*t**4 + 0*t - 2*t**2 + 2. Determine x(7).
9
Let y(h) be the second derivative of 1 - 3/2*h**3 - 2/3*h**4 + 3*h + 7/2*h**2 - 1/20*h**5. Determine y(-7).
21
Let y(j) be the first derivative of -2*j**2 - 20*j - 2014. What is y(-8)?
12
Let a(r) = -r**3 + 5*r**2 + 2*r - 7. Let u be a(5). Let i(z) = 14 - z**3 - 4*z**2 - 13*z - 43 + 26 + 16*z + 2*z**3. What is i(u)?
-3
Suppose 7 = 16*w - 25. Let l(f) = -33*f + 4*f**w - 37*f + 71*f. Give l(1).
5
Let n(s) = 5 - 3*s - 93970*s**2 - 4*s + 93974*s**2. What is n(4)?
41
Let s(l) = l**2 + 23*l + 45. Let g(o) = -3*o**2 - 66*o - 18. Let a be g(0). What is s(a)?
-45
Let p(m) = 45*m**2 + 63*m**2 + 15 - 109*m**2. Determine p(0).
15
Let f(x) = x**2 - x - 5. Let r be f(4). Suppose 4*c + 0 = 3*q + r, 2*c + 4*q = 20. Let b(h) = 17 - 11 - 14 - h + 7. Give b(c).
-5
Let i = 388 + -366. Suppose 19*o = i*o + 45. Let p(b) = -b**2 - 15*b - 8. Calculate p(o).
-8
Let p(i) = -i**2 + 8*i + 80. Suppose 1432 + 104 = -352*g + 96*g. Determine p(g).
-4
Let q(n) = -n**3 + 10*n**2 + 10*n - 6. Let d = -80 - -86. Suppose 52 = 4*g + d*r - 4*r, -g + 5*r = 9. Determine q(g).
-17
Let w(l) be the first derivative of -2*l**2 + 3*l + 67. Let j be w(-3). Let s(k) = -2*k + 31. What is s(j)?
1
Let w be 1*-7*3/(-21). Let p(u) = u + 1. Let t(k) = k + 6. Let c(y) = 5*p(y) - t(y). Let q(s) = s. Let a(l) = -c(l) - 3*q(l). What is a(w)?
-6
Let s(n) = 2*n**3 + 2*n**2 - 4*n + 16. Let w(v) = -31 - 1 + 10*v - 8*v**2 + 8 + 5*v**2 - 3*v**3 - 4*v. Let m(f) = 8*s(f) + 5*w(f). Determine m(0).
8
Let k(i) = -i**3 - 11*i**2 - 12*i - 7. Let g = 13991 + -14001. What is k(g)?
13
Let h(x) = 0*x - x - 8 + 3*x. Let v(u) = u**3 + 8*u**2 - 6*u - 42. Let n be v(-8). What is h(n)?
4
Let w be 1/41 - (-1121)/(-45961). Let q(c) = 5*c**2 + c - 2. Let d(g) = -6*g**2 - 2*g + 2. Let y(m) = -4*d(m) - 5*q(m). What is y(w)?
2
Let m(z) = z**3 + 5*z**2 - 4*z - 2. Suppose 0 = -21*h - 19*h - 2960. Let c = h + 69. Determine m(c).
18
Let t(q) = -2*q - 1. Let c be t(-4). Let z(j) = 5*j - 348 + 628 - 3*j - 279. Calculate z(c).
15
Let k(x) be the first derivative of 5*x**2 + 2*x + 27. Let f be (-26)/7 + (-504)/(-294). Calculate k(f).
-18
Let u(c) be the first derivative of c**3/3 - 3*c**2 - 3*c + 2. Let d be (-14)/(-8)*(-1)/((9 - 11)/8). Determine u(d).
4
Let u(v) = 20*v + 5. Let w(b) = -11*b - 2. Let m(o) = -6*u(o) - 11*w(o). Suppose 0 = k + 5, -2*h + 4*k - 2 = -46. Determine m(h).
4
Let z = -747 - -736. Let g(h) = -h**3 - 12*h**2 - 14*h - 16. Let s(x) = -x**3 - 12*x**2 - 14*x - 17. Let k(y) = 5*g(y) - 4*s(y). Give k(z).
21
Let u = -1 + 5. Suppose -5*v - 9*i + 13*i + 22 = 0, -v - 5*i - 13 = 0. Let m(y) = -6 - 62*y + 3 - v + 64*y. Calculate m(u).
3
Let s(o) = 2*o - 2. Let a be (14 + -15)*73/1. Let x = a + 70. Calculate s(x).
-8
Let t(h) = -7*h**3 - h**2 - 12*h - 1. Let q(i) = 2*i**3 - 2*i**2 + 2*i + 6. Let p(k) = -3*q(k) - t(k). What is p(-6)?
-17
Suppose -3*j - 797 = 325. Let a be j/66 - (-2)/(-6). Let n(i) = 3*i + 13. Give n(a).
-5
Let t(z) = -z**3 - 3*z**2 + 4. Let n(f) = -f**3 - 4*f**2 - f + 5. Let d(j) = 2*n(j) - 3*t(j). Let h(l) = l**3 + 7*l**2 + 4*l - 14. Let a be h(-6). What is d(a)?
-2
Let k(t) be the third derivative of t**6/120 - 3*t**5/20 + t**4/6 + 11*t**3/3 + 648*t**2. Calculate k(8).
-10
Let h(j) be the second derivative of j**7/840 + j**6/360 + 2*j**4/3 + 13*j**3/6 + 46*j. Let o(x) be the second derivative of h(x). Determine o(0).
16
Let k(j) = 2*j**2 - 11*j + 46. Let w be k(-6). Suppose w*q + 324 = 157*q. Let m(x) = -x**3 - 11*x**2 + 11*x - 13. Determine m(q).
-1
Let j(t) = 2*t**3 + 29*t - 9. Let u(s) = -s**3 - 18*s + 9. Let x(m) = -2*j(m) - 3*u(m). Give x(0).
-9
Let x(h) = 4*h + 16. Let y(c) = 5*c**2 - 34*c - 1. Let m be y(5). Let w be (0 - 2)/(m/(-92)). Calculate x(w).
